igit of 792700?
0
What is the tens digit of 3007850?
5
What is the hundred thousands digit of 1034210?
0
What is the hundreds digit of 495707?
7
What is the thousands digit of 908429?
8
What is the hundreds digit of 4510147?
1
What is the ten thousands digit of 780338?
8
What is the units digit of 2885821?
1
What is the ten thousands digit of 861849?
6
What is the thousands digit of 975331?
5
What is the thousands digit of 565546?
5
What is the thousands digit of 2583478?
3
What is the hundred thousands digit of 3005135?
0
What is the thousands digit of 8459481?
9
What is the ten thousands digit of 135612?
3
What is the units digit of 3743912?
2
What is the millions digit of 2202976?
2
What is the millions digit of 1515882?
1
What is the units digit of 1475214?
4
What is the units digit of 3348181?
1
What is the ten thousands digit of 3370998?
7
What is the hundred thousands digit of 306813?
3
What is the thousands digit of 328007?
8
What is the hundred thousands digit of 11765921?
7
What is the ten thousands digit of 1501344?
0
What is the tens digit of 378110?
1
What is the units digit of 114608?
8
What is the millions digit of 15972857?
5
What is the millions digit of 9480216?
9
What is the ten thousands digit of 348535?
4
What is the thousands digit of 9483976?
3
What is the units digit of 24754773?
3
What is the hundreds digit of 935979?
9
What is the hundred thousands digit of 235497?
2
What is the thousands digit of 404983?
4
What is the units digit of 1684102?
2
What is the ten thousands digit of 853342?
5
What is the units digit of 1692708?
8
What is the ten thousands digit of 2163400?
6
What is the ten thousands digit of 339810?
3
What is the hundreds digit of 509254?
2
What is the hundreds digit of 270919?
9
What is the thousands digit of 1023060?
3
What is the hundred thousands digit of 743087?
7
What is the millions digit of 31770409?
1
What is the ten thousands digit of 2883920?
8
What is the hundreds digit of 1199801?
8
What is the thousands digit of 1541219?
1
What is the thousands digit of 609146?
9
What is the thousands digit of 471551?
1
What is the hundred thousands digit of 750032?
7
What is the hundred thousands digit of 2348749?
3
What is the hundreds digit of 396752?
7
What is the hundreds digit of 829484?
4
What is the hundreds digit of 13419538?
5
What is the units digit of 7446?
6
What is the units digit of 303068?
8
What is the hundreds digit of 114458?
4
What is the hundred thousands digit of 189197?
1
What is the hundreds digit of 21021573?
5
What is the tens digit of 396297?
9
What is the thousands digit of 173621?
3
What is the hundred thousands digit of 13958784?
9
What is the tens digit of 976108?
0
What is the units digit of 16553154?
4
What is the ten thousands digit of 2849309?
4
What is the hundred thousands digit of 214025?
2
What is the hundred thousands digit of 13087906?
0
What is the thousands digit of 7446201?
6
What is the ten thousands digit of 314508?
1
What is the tens digit of 943019?
1
What is the tens digit of 467910?
1
What is the thousands digit of 73019?
3
What is the thousands digit of 57583?
7
What is the hundreds digit of 236561?
5
What is the hundred thousands digit of 7816332?
8
What is the hundreds digit of 639300?
3
What is the thousands digit of 700839?
0
What is the units digit of 238393?
3
What is the ten thousands digit of 518874?
1
What is the tens digit of 3466051?
5
What is the hundred thousands digit of 4572730?
5
What is the thousands digit of 5020520?
0
What is the hundreds digit of 102916?
9
What is the tens digit of 21780?
8
What is the thousands digit of 725003?
5
What is the ten thousands digit of 965600?
6
What is the tens digit of 195867?
6
What is the tens digit of 3134500?
0
What is the thousands digit of 1838722?
8
What is the hundreds digit of 1306041?
0
What is the units digit of 17315858?
8
What is the ten millions digit of 26578940?
2
What is the hundreds digit of 2191966?
9
What is the ten millions digit of 11520341?
1
What is the millions digit of 3339511?
3
What is the tens digit of 10193803?
0
What is the millions digit of 6727495?
6
What is the thousands digit of 747817?
7
What is the hundreds digit of 406180?
1
What is the thousands digit of 5664132?
4
What is the ten thousands digit of 8126086?
2
What is the tens digit of 6065691?
9
What is the millions digit of 3120433?
3
What is the hundred thousands digit of 916276?
9
What is the hundreds digit of 6850060?
0
What is the thousands digit of 101842?
1
What is the units digit of 87109?
9
What is the millions digit of 13314561?
3
What is the units digit of 648838?
8
What is the ten thousands digit of 15063?
1
What is the units digit of 2307398?
8
What is the hundreds digit of 309075?
0
What is the tens digit of 212388?
8
What is the millions digit of 1137618?
1
What is the units digit of 6648874?
4
What is the tens digit of 242194?
9
What is the thousands digit of 41242?
1
What is the hundreds digit of 3441897?
8
What is the units digit of 49688?
8
What is the hundred thousands digit of 12336362?
3
What is the hundreds digit of 1913547?
5
What is the thousands digit of 7298953?
8
What is the units digit of 622750?
0
What is the tens digit of 4410049?
4
What is the tens digit of 73407?
0
What is the millions digit of 2218972?
2
What is the units digit of 847128?
8
What is the hundreds digit of 2842638?
6
What is the thousands digit of 2154511?
4
What is the tens digit of 1327984?
8
What is the hundreds digit of 941959?
9
What is the thousands digit of 20641421?
1
What is the hundred thousands digit of 13426214?
4
What is the hundred thousands digit of 604042?
6
What is the millions digit of 9484994?
9
What is the units digit of 86240?
0
What is the hundreds digit of 428463?
4
What is the tens digit of 6783393?
9
What is the tens digit of 287999?
9
What is the hundred thousands digit of 435577?
4
What is the units digit of 5163259?
9
What is the ten thousands digit of 314723?
1
What is the hundreds digit of 10569?
5
What is the ten thousands digit of 66596?
6
What is the ten thousands digit of 113614?
1
What is the hundred thousands digit of 3611196?
6
What is the hundred thousands digit of 1236486?
2
What is the millions digit of 3614355?
3
What is the millions digit of 4184595?
4
What is the tens digit of 1961620?
2
What is the thousands digit of 3182430?
2
What is the hundreds digit of 279855?
8
What is the ten millions digit of 17707136?
1
What is the ten thousands digit of 170892?
7
What is the tens digit of 3112555?
5
What is the hundred thousands digit of 603522?
6
What is the tens digit of 3890209?
0
What is the units digit of 7509763?
3
What is the ten thousands digit of 1576083?
7
What is the hundreds digit of 3870880?
8
What is the thousands digit of 1094716?
4
What is the units digit of 295124?
4
What is the units digit of 880927?
7
What is the hundreds digit of 314028?
0
What is the ten thousands digit of 28066494?
6
What is the hundred thousands digit of 414969?
4
What is the thousands digit of 383895?
3
What is the thousands digit of 237328?
7
What is the hundred thousands digit of 5827727?
8
What is the thousands digit of 706190?
6
What is the thousands digit of 986466?
6
What is the ten thousands digit of 10264757?
6
What is the tens digit of 3783607?
0
What is the hundreds digit of 64066?
0
What is the ten thousands digit of 3497735?
9
What is the hundreds digit of 9017071?
0
What is the millions digit of 1004223?
1
What is the hundreds digit of 9330196?
1
What is the tens digit of 35479671?
7
What is the ten thousands digit of 713932?
1
What is the ten thousands digit of 2558339?
5
What is the thousands digit of 24852913?
2
What is the millions digit of 19637470?
9
What is the tens digit of 251070?
7
What is the thousands digit of 1259374?
9
What is the hundreds digit of 9680378?
3
What is the tens digit of 807981?
8
What is the ten millions digit of 36306125?
3
What is the units digit of 10862534?
4
What is the ten millions digit of 15458541?
1
What is the units digit of 511988?
8
What is the units digit of 152405?
5
What is the hundred thousands digit of 143463?
1
What is the units digit of 1372407?
7
What is the thousands digit of 8587143?
7
What is the tens digit of 1744968?
6
Wha